 the prime factors of a.
2
Suppose 0 = -4*p + 4*y + 184, 7*p - 2*y - 230 = 2*p. List the prime factors of p.
2, 23
List the prime factors of 9 + 5 + (-1 - 0).
13
Let s = 1 + 1. List the prime factors of s.
2
What are the prime factors of 5799/27 - 2/(-9)?
5, 43
Let k(t) be the second derivative of 0 + t**2 - 1/3*t**3 - t. What are the prime factors of k(-5)?
2, 3
Suppose 15*t = 21*t - 1476. What are the prime factors of t?
2, 3, 41
Let j = 11 + -9. Suppose -j*u + 5*u - 51 = 0. List the prime factors of u.
17
Let g = 99 + -79. List the prime factors of g.
2, 5
Suppose 4*q + 20 - 89 = 3*p, 2*q - 5*p = 45. What are the prime factors of q?
3, 5
Let l(j) = -55*j + 3. List the prime factors of l(-1).
2, 29
Suppose 5*o = 3*l + 15, 3*l + 6 = 3*o - 3. Suppose -5*i + 0*i + 10 = l. Suppose z - 8 = -i. What are the prime factors of z?
2, 3
Suppose -2*s = 6, 4*h = 2*h + 3*s + 153. Let f = 102 - h. What are the prime factors of f?
2, 3, 5
Suppose 4*i = -4*w + 20, -4*i = -i - 5*w - 15. Suppose 0*a - i*a = -60. List the prime factors of a.
2, 3
Let y = 47 - 30. Let f = y - 5. What are the prime factors of (f/(-1))/(1 + -2)?
2, 3
Suppose 23 = 3*f - 79. List the prime factors of f.
2, 17
Let o be (-18)/(-12) - (-1)/(-2). List the prime factors of (2 - -3) + o + -3.
3
Let u = 0 - -1. List the prime factors of 0 + ((-13)/(-1))/u.
13
Suppose -4*v = -2*q + 11 + 101, 3*v - 169 = -4*q. What are the prime factors of q + 2/(-8)*-4?
47
Suppose 3*z = 5*k + 7, -5*z = 3*k + 2*k + 15. Let w(x) = 10*x**2 + x. List the prime factors of w(z).
3
Suppose -v - 32 = -258. List the prime factors of v.
2, 113
Let k(b) = b**3 - 8*b**2 - 8*b - 5. Let y be k(9). Suppose y*v + 5*f - 139 = 0, 4*v + 3*f - 79 = 54. What are the prime factors of v?
31
Let a(h) = h**2 + 7. Let b be a(0). Suppose 0 = -2*u - 3 - 1. Let n = b + u. What are the prime factors of n?
5
Let q(t) = -t + 7. Let s be q(0). Let f(r) = r + s*r**2 + 0*r**3 + 2 + 3 - r**3. What are the prime factors of f(7)?
2, 3
Let l = 1 - -1. Suppose a + 39 = 4*h, -l*h = h + 2*a - 21. What are the prime factors of h?
3
Suppose 0 = -4*a + 9 + 11. Suppose -h - 4*h = 0. Suppose h = a*p - 0*p - 80. What are the prime factors of p?
2
Let c(u) = -5*u + 1. Let l(y) = -4*y + 1. Let j(d) = 3*c(d) - 2*l(d). Let k(m) = m + 1. Let w be k(-2). List the prime factors of j(w).
2
List the prime factors of (8/(-24))/(1/(-66)).
2, 11
Let z(p) = 3*p**2 + 5. Let o(r) = -5*r**2 - 11. Let i(u) = 4*o(u) + 9*z(u). Let l = -11 - -12. List the prime factors of i(l).
2
Let y(c) = -c**2 - 13*c - 12. Let i be y(-11). Suppose -2*q + 30 = i. Let s = q + -2. List the prime factors of s.
2
Let h(v) = v**2 + 3*v + 3. Suppose 5*d = -4*k, 0 = -4*d - 0*k - 3*k. Let a be 5 - 3 - (d + 6). What are the prime factors of h(a)?
7
Let l(n) = -7*n**3 - n**2 - 2*n - 1. Let y be l(-1). What are the prime factors of 20/12*(-1 + y)?
2, 5
Let u = 9 - 4. Suppose -20 = -5*d - u. List the prime factors of d.
3
Suppose -3*o + v = -2*v - 18, -3*o + v + 10 = 0. Suppose -14 = -o*p + 34. List the prime factors of p.
2, 3
Let z = 1 + 0. Let u = z + -1. What are the prime factors of u + 2 - 10/(-2)?
7
Let d(y) = -y**3 + 6*y**2 + y - 7. Let g(o) = o**3 + 5*o**2 + 3*o - 4. Let r be g(-3). What are the prime factors of d(r)?
23
Let k = 27 + 6. What are the prime factors of k?
3, 11
Let b(a) = -a**3 + 16*a**2 - 21*a - 20. What are the prime factors of b(11)?
2, 3, 59
Suppose -2*s - 3 = -w, -6*w + 3*w - 2*s = -17. Let m = w + -1. Suppose -m*b = -b - 39. What are the prime factors of b?
13
Let z(a) = -2*a**3 - 15*a**2 - 7*a + 3. List the prime factors of z(-7).
3
Suppose -5*m = 7 - 32. Suppose -5*u - 2*f = -113, 4*f - 1 + m = 0. What are the prime factors of u?
23
Suppose -x + 52 = -139. What are the prime factors of x?
191
Let h be ((-2)/(-5))/((-3)/(-30)). Suppose -h*n + 0*n + 20 = 0. Suppose s = -n + 15. What are the prime factors of s?
2, 5
Let i be (-9 + 11)*29/(-2). Let w(p) = 43*p**2 - 2*p + 1. Let f be w(1). Let g = i + f. List the prime factors of g.
13
Suppose 8*t = 3*t + 25. Suppose -4*s = d - 75, -d - 2*d - 22 = -s. Suppose 37 = 4*m - k, t*m + 2*k - s - 11 = 0. What are the prime factors of m?
2
Let p(m) = 10*m + 1. Let o(z) = -9*z - 1. Let r(l) = -4*o(l) - 3*p(l). What are the prime factors of r(2)?
13
Suppose 3*d - 10*d = -28. Let n(g) = 14*g - 9. List the prime factors of n(d).
47
Suppose 31 = 3*a + 4*k, -a - 2*k + 5 = 2*k. Let b = 2 + 1. Suppose 2*c = -10, 0*g - b*c = g + a. List the prime factors of g.
2
Suppose -2*x = -26 - 6. Let y = x - 7. Let m = -4 + y. What are the prime factors of m?
5
Suppose 4*d + 2*k = -0*d + 282, -2*k - 2 = 0. What are the prime factors of d?
71
Let q = -130 - -183. List the prime factors of q.
53
Suppose c + 5*c = 1554. List the prime factors of c.
7, 37
Suppose -f - 5*v = -5, 5*v - 25 = -3*f + f. What are the prime factors of 108/f + 2/(-5)?
5
Let y(r) = r**3 - 6*r**2 - 9*r - 21. What are the prime factors of y(9)?
3, 47
Suppose -2*p - 17 = 2*p + 3*u, 1 = u. Let k(c) = -c**3 - 4*c**2 - 2*c - 6. Let o be k(p). Let a = 41 - o. What are the prime factors of a?
2, 3
Let m be (-2 - 10)/(-1) - -1. Let b = -4 + m. Suppose b = 4*h - h. List the prime factors of h.
3
Let p be -13 - (-3 + 1 - 1). List the prime factors of (-110)/(-6) + p/(-15).
19
Suppose -3*n + 8*n = -3*s + 10, 3*n = 2*s + 25. Suppose -5*y = 25, n*y + 108 = 4*c + y. Let k = c + -13. List the prime factors of k.
3
Suppose 0*g + 9 = g + 5*t, 2*t - 27 = -3*g. Let f = 26 - 22. Let s = g - f. What are the prime factors of s?
5
Suppose -2*y + 3*h + 12 = 0, 11 = y + 4*y + 2*h. Let t = 21 - y. List the prime factors of t.
2, 3
Let z = -88 + 135. List the prime factors of z.
47
Let c be 4/14 + 48/(-21). Let u(n) = 3*n**2 + 3*n + 2. Let l be u(c). Let h(f) = f**2 - 8*f + 5. What are the prime factors of h(l)?
5
Suppose 2*u + 0*a + 2 = 2*a, 4*a - 6 = 3*u. Suppose -u*z = -z. Suppose 0 = -z*b - b + 13. What are the prime factors of b?
13
Let v = 1 + 0. Let t = v - -3. Suppose -4*k + 4*z + t = -16, -5*z = -2*k + 19. What are the prime factors of k?
2
Suppose -2*a - 3*a = 2*u - 26, 4*a - 3*u - 7 = 0. Let i = a - 0. Suppose 9*l = i*l + 10. List the prime factors of l.
2
Let h(r) = -2*r**3 + 4*r**2 + 5*r - 4. Let s be h(-4). List the prime factors of (24/(-14))/((-16)/s).
2, 3
Let d be 44/(-7) - (-6)/21. List the prime factors of (-26)/d - (-2)/(-6).
2
Let l(j) = j**3 - 10*j**2 - 13*j + 14. What are the prime factors of l(12)?
2, 73
Let p(z) = -2*z**3 + 3*z**2 + 25*z - 17. Let g(h) = -h**3 + 2*h**2 + 12*h - 9. Let w(o) = 7*g(o) - 3*p(o). List the prime factors of w(6).
2, 3
Let w be (2/(-6))/(3/9). Let v = 23 - w. What are the prime factors of v?
2, 3
Let m be ((0 + 0)/(-2))/2. Let s = m + 2. What are the prime factors of s?
2
Suppose -4*n + 50 = -2*n. What are the prime factors of n?
5
Suppose -202 = -3*t + o, -4*o + 2*o - 8 = 0. List the prime factors of t.
2, 3, 11
Let d(u) = -2*u**2 + 31 - u + 2*u**2 + 5*u**3 - 30. Let f(o) = o**2 + o - 1. Let k be f(-2). What are the prime factors of d(k)?
5
Suppose 9*q - 5*q + 3*x - 51 = 0, -5*x + 53 = 4*q. List the prime factors of q.
2, 3
Let z(s) = s. Let i be z(5). Let v(b) = b - 1. Let q be v(6). Suppose 3*w + 0*x - 27 = -q*x, 0 = i*x - 15. List the prime factors of w.
2
Let q = -19 - -14. Let a = q + 38. What are the prime factors of a?
3, 11
Let w(b) = -b**3 - 11*b**2 + b - 8. Let a(x) = -x**3 - x**2 + x - 1. Let o(q) = 2*a(q) - w(q). What are the prime factors of o(9)?
3, 5
Suppose -3 - 3 = -3*y. Suppose -4*q = 5*u + 7, -29 = 3*q - y*u + u. Let o = -4 - q. What are the prime factors of o?
2
Suppose 0 = 4*y - 29 + 9. Suppose -20 = y*l, 35 = m - 4*l + 14. What are the prime factors of m?
5
Let k(f) = f - 5. Let s be k(5). Suppose 5*m - 5 - 5 = s. List the prime factors of m.
2
Suppose j - 2*d + 8 = 2*j, 2*j = -3*d + 13. List the prime factors of j.
2
Suppose -r + 2*r - 49 = 0. What are the prime factors of r?
7
Let g = -323 - -469. List the prime factors of g.
2, 73
Let u = -5 + 11. Suppose -2*p - 4*q - 2 = 0, 4*p - 2*q = 3 + 3. Let s = p + u. What are the prime factors of s?
7
Let y = -205 + 302. List the prime factors of y.
97
Suppose -6 = i + 4*a, -5*i + 3*a - 8 = a. Let v = i + 6. What are the prime factors of v?
2
Let h be (-1 + 0)*(-1 - -4). Let n(u) = 3 + u